 = 27 - 5. Let s be (-130576)/(-56) - v/(-7). Suppose 0 = f - 3*f - z + 931, 5*f + z = s. Is f a composite number?
False
Suppose 1262 = -3*z + 9623. Let u(y) = 6*y - 2*y + z + 6*y - 9*y - y**2. Is u(0) a composite number?
True
Let b(v) = v**3 - 3*v**2 - 2*v + 4. Let m(n) = -n**3 + 4*n**2 + 3*n - 5. Let h(w) = -4*b(w) - 3*m(w). Let o be h(0). Is (3 - -134 - 4) + 1 + o composite?
True
Suppose -5*b - 130626 = -v, 3*b - 391862 = -3*v + 2*b. Is v a prime number?
True
Let z(k) = -2156680*k - 111. Is z(-1) prime?
False
Suppose -g = 4*u - 8, -5*g = 2*u - 4*u - 84. Let l(c) = -8 + 15 + g + 16 - 277*c. Is l(-4) a composite number?
True
Suppose 125*h - 120*h - 3*s = 409013, 408965 = 5*h + 5*s. Is h composite?
False
Let w(t) = -498*t + 76. Let l be w(-8). Suppose 11081 = 7*v + l. Is v a prime number?
False
Let u(w) = 3*w**2 + 6*w - 4. Let j be u(-3). Suppose 14080 = 2*l + j*b, 0 = l - 2*b - 9976 + 2927. Is l prime?
False
Suppose -4*h - 2*a + 48 = 0, 0 = 13*h - 9*h - 5*a - 76. Is (-2)/6*(-448770)/h a composite number?
True
Let s(h) = -8*h - 19. Let p be s(-3). Suppose -22 = -p*i + 4*y, -5*i = -3*y + 6 - 25. Suppose -4*r + 4436 = -4*f, 381 = 2*r + i*f - 1845. Is r prime?
False
Suppose -3*v = 5*w - 111048, 0*v + 88840 = 4*w + 4*v. Suppose 13*k = 16*k - w. Is k composite?
True
Is -14*((-36)/2 - -17)/(4/12758) a composite number?
True
Let j = 346 - 324. Let o(y) = y**3 + y**2 + 3*y - 85. Is o(j) composite?
False
Suppose -12 = -4*c + 5*c - 2*q, 5*c + 2*q = -12. Let m be (c/(-3))/((-29)/(-174)). Is 12338/m + -2 - (-15)/20 a composite number?
True
Let r(j) = -j**2. Let h be r(0). Suppose 0 = -3*d - 2*a + 31, 0*d = -3*d + a + 16. Suppose -16219 = -d*f - h*f. Is f composite?
True
Let h = -72 + 75. Suppose -a - h = -16. Suppose -8*u = -a*u + 8805. Is u composite?
True
Let r(a) = -220*a - 7829. Is r(-82) a composite number?
False
Is (-6108134)/(-18) - (-53)/(4770/20) a prime number?
True
Let n(m) = 1525*m**3 + 8*m**2 - 7*m - 6. Let r be n(4). Suppose -r = -5*h + 58601. Is h composite?
False
Suppose -5*z = -3*t - 222061, z - 18775 - 25666 = -3*t. Is z a composite number?
False
Let a = 1428858 + -816761. Is a composite?
True
Suppose -4*r = -5*p - 11, 7*p - 5*r = 3*p - 7. Is ((-3)/6)/(p + 36318/12108) a prime number?
True
Let n be 1/(33/3690) - (-6)/33. Let o = -107 + n. Is 4*o/30 + 1144/3 prime?
False
Let k(z) be the third derivative of -z**6/120 - 3*z**5/20 - 2*z**4/3 - 19*z**3/6 - 21*z**2. Let l be k(-13). Let t = l - 602. Is t a composite number?
False
Let x(n) = 5*n. Let b be x(2). Suppose 2*f - 12 = -b. Suppose -3*u + 2 + f = 0, -629 = -2*i + 5*u. Is i composite?
False
Let c be 82/6 + 36/108. Suppose -11*z + c*z - j - 38400 = 0, 5*j - 63980 = -5*z. Is z composite?
False
Let y = -292 + 296. Suppose -8318 = 10*n - 14*n - 2*x, -2*n - y*x + 4174 = 0. Is n prime?
False
Let v(k) = -k**3 - 4*k**2 - 3*k + 4. Let p = 39 - 42. Let i be v(p). Suppose -i*n + 170 = -346. Is n a composite number?
True
Let l(b) = -b**2 - 4*b + 7*b**2 - 2*b**2. Let z be l(9). Suppose -2307 = -3*w - z. Is w prime?
True
Let h = 99659 - 28930. Is h prime?
True
Is (-23 + (-405)/(-20))*(2 - 3452/2) a composite number?
True
Suppose -4*q - z = -4*z - 1542, 3*q = -2*z + 1148. Suppose -v + 295 = -q. Is v a prime number?
False
Suppose -h + 7*h + 3710008 = 170*h. Is h prime?
False
Suppose -374290 = -20*r + 16959 + 371731. Is r prime?
True
Suppose f - 38 = -5*b, 11*b - 16*b = -10. Suppose 0 = f*a - 37*a + 32031. Is a a prime number?
True
Let g = 2043 - -1324. Let k = g + -324. Is k composite?
True
Suppose 3*z = 4*i + 35, 6*i + 15 = -2*z + i. Suppose -6*n = -2*n + g - 2414, -z*n + 3009 = -3*g. Let p = n - -404. Is p a composite number?
True
Let t(g) = 2*g**2 - 13*g - 11. Let f(u) = -u**3 + 11*u**2 + 12*u - 10. Let y be f(12). Let j be t(y). Is ((-6)/8 - 0) + j/4 prime?
True
Let m(u) = 2*u**2 - 4*u - 5. Let l(q) = q**2 - 1. Let f(i) = 3*l(i) - m(i). Let b be f(7). Let p = b + -42. Is p composite?
False
Let n be ((-800)/(-280))/(2/959). Let u = 2727 - n. Is u composite?
True
Let u(k) = 106*k - 1. Let a be ((-105)/(-12))/((-1)/4). Let l be 10/2*(-14)/a. Is u(l) a prime number?
True
Let h(z) = -46354*z + 6323. Is h(-9) a prime number?
True
Suppose 80*a - 35*a - 2684745 = 0. Is a/15 + (-62)/155 a composite number?
True
Let s(u) = -7*u**3 + u - 1. Let c be s(1). Let d = 162 + c. Let p = d - 16. Is p prime?
True
Suppose -75*t + 50693 + 96973 = 9741. Is t prime?
False
Is ((-3)/(-18) + 0)/(45/173070) prime?
True
Suppose -6007 = -12*f + 608801. Suppose 5*s = 14*u - 16*u + 34139, 3*u - s - f = 0. Is u a prime number?
True
Suppose -g - 10*h + 30219 = -8*h, 5*h = 5*g - 151035. Is g prime?
True
Is ((-72997)/(-2) + 7 + -7)/(2/4) a composite number?
False
Let u(d) = -d + 1. Let c be u(0). Let s be (1929 + 0)*c + 2/(-1). Suppose -s = -g - 2*k, -g + 888 + 1033 = -k. Is g a prime number?
False
Let w be (4 + -3 + -4 - -3) + -34780. Let o = -22209 - w. Is o a composite number?
True
Suppose 3*c - f - 13 = -6, 0 = -2*c + 2*f - 2. Suppose 3*a + 5193 + 2414 = c*u, 5*a = -3*u + 5698. Is u a composite number?
False
Let i = -3876 + 6119. Let c = 12532 - i. Is c a prime number?
True
Is (6/2)/(2 + -3 + 109664/109661) composite?
False
Let d(b) = 3*b**2 - 40 + 5*b + 13*b - 2*b**2. Let r be d(-20). Suppose -6*k + 4591 + 3539 = r. Is k a prime number?
False
Suppose -2*a + 2*m - 4 = 0, 3*a = -0*a - 3*m - 24. Let f(j) = 3*j + 17. Let y be f(a). Suppose y*s + 5*d = 1701, -2*d - 1 = -d. Is s prime?
True
Let u = 14537 - 24522. Let p(b) = -2*b**3 + 25*b**2 - 53*b - 12. Let f be p(24). Let s = u - f. Is s a composite number?
False
Let n be ((-35)/(-98) + (-2)/(-14))*4. Suppose -5411 = -5*s + n*z - 5*z, -3*s + 3233 = -5*z. Is s a prime number?
False
Let o = -285291 + 433268. Is o composite?
False
Let f = 57061 + -29426. Is f a prime number?
False
Let g(a) = 148*a**3 + 5. Let p be 3/(4/(-3)*(-39)/52). Is g(p) prime?
True
Let p be 24/((-1455)/243 - -6). Let b = 2831 - p. Is b composite?
False
Let a be 176/18 + 6/162*6. Suppose a*m - 7 = 3. Is ((-3)/(-5) - m) + (-1011)/(-15) prime?
True
Let z(m) = 3*m - 14. Let c be z(10). Suppose 13 = -j + 3*h, 2*j + 0*h - 4*h + c = 0. Suppose 239 = 3*y - i + 6*i, -3*y + 245 = j*i. Is y prime?
True
Let u(q) = 118*q**3 + 2*q**2 - q + 2. Let t be u(2). Let m be (-153 + 156)*409*-1. Let b = t - m. Is b a prime number?
True
Suppose 0 = -3*d + 9*d. Suppose d = 6*z - 21 - 21. Suppose -z*h + 318 = -h. Is h a prime number?
True
Let y be (4*(-6)/(-10))/((-4)/(-720)). Let l = 1025 + y. Is l prime?
False
Is (272 - 13)*(-34)/(-14) prime?
False
Let k = 774325 + -452912. Is k a prime number?
True
Let p be (-448370)/(-65)*7*2. Suppose -6*k - p = -34*k. Is k composite?
False
Suppose -2*u + 2*c - 10 = 0, 3*u + 5*c + 18 = -13. Let p be 3/(-2)*37*(-5 - u). Is p*3/(36/2)*-62 a composite number?
True
Let k be (-2 + (-28)/(-8))/(3/4). Suppose -3*m + 1 = -2*m - i, i + 6 = k*m. Suppose 0 = -d + 5, -t - 1350 = -m*t - 2*d. Is t composite?
True
Suppose -2*v = h - 5*v - 239, -h + 4*v = -238. Let n = 1312 + -689. Let q = n - h. Is q a prime number?
False
Suppose 3*j + j - 2729 = 3*r, 5*r + 2*j + 4583 = 0. Let d = 146 - r. Is d prime?
True
Let k(d) = -5*d**2 - 9423*d**3 - 7*d + 4717*d**3 - 13 + 4708*d**3. Let w = -6 - -13. Is k(w) composite?
False
Suppose p - 19 = 4*v, 0 = 8*p - 5*p + 3*v + 3. Suppose 20*u - 3417 = p*u. Is u composite?
True
Let p = 197657 - 130034. Suppose -7*n + p = -67246. Is n prime?
True
Let c(d) = -14*d**3 + 63*d**2 - 93*d - 1119. Is c(-35) a composite number?
False
Let b be (-2)/12 + (-63274)/(-204). Let a = 1007 - b. Is a a composite number?
True
Let a = -21939 - -31178. Is a prime?
True
Suppose 126*t - 152*t = -218894. Is t a prime number?
True
Let h(j) = j**3 + 2*j**2 - 3*j + 3. Let p be (-14)/(-6) + -3 - (-28)/(-12). Let w be h(p). Suppose -3*k - 3*i + 6294 = -2*i, w*k = 2*i + 6303. Is k prime?
True
Let g be (-2)/(-4)*-2463*(-4)/(-3). Let n be (13 - 17)/(4/g). Suppose 4*i + 2*d - 1796 = -134, -n = -4*i + 2*d. Is i a prime number?
False
Suppose -5*f - 9*l = -8*l, -6*f + 4*l = 0. Suppose f = -5*y + 9*y - 83572. Is y a prime number?
False
Let z be 6 + 104/(-18) - (-6)/(-27). Suppose z = 10*m + 106030 - 304560. Is m a composite number?
False
Let p = -932 - -3211. Suppose 33*a - p = 32*a. Suppose -5*m + a + 5076 = 0. Is m